{"id":1337,"date":"2023-04-12T18:38:57","date_gmt":"2023-04-12T18:38:57","guid":{"rendered":"https:\/\/companhiamaior.pt\/arquivo\/?page_id=1337"},"modified":"2023-04-21T09:32:24","modified_gmt":"2023-04-21T09:32:24","slug":"textos-transatlantico","status":"publish","type":"page","link":"https:\/\/companhiamaior.pt\/arquivo\/textos-transatlantico\/","title":{"rendered":"Textos Transatlantico"},"content":{"rendered":"\t\t<div data-elementor-type=\"wp-page\" data-elementor-id=\"1337\" class=\"elementor elementor-1337\">\n\t\t\t\t\t\t\t\t\t<section class=\"elementor-section elementor-top-section elementor-element elementor-element-df16ef0 elementor-section-boxed elementor-section-height-default elementor-section-height-default\" data-id=\"df16ef0\" data-element_type=\"section\">\n\t\t\t\t\t\t<div class=\"elementor-container elementor-column-gap-default\">\n\t\t\t\t\t<div class=\"elementor-column elementor-col-100 elementor-top-column elementor-element elementor-element-dde0a10\" data-id=\"dde0a10\" data-element_type=\"column\">\n\t\t\t<div class=\"elementor-widget-wrap elementor-element-populated\">\n\t\t\t\t\t\t\t\t<div class=\"elementor-element elementor-element-79defe5 elementor-widget elementor-widget-spacer\" data-id=\"79defe5\" data-element_type=\"widget\" data-widget_type=\"spacer.default\">\n\t\t\t\t<div class=\"elementor-widget-container\">\n\t\t\t<style>\/*! elementor - v3.13.3 - 28-05-2023 *\/\n.elementor-column .elementor-spacer-inner{height:var(--spacer-size)}.e-con{--container-widget-width:100%}.e-con-inner>.elementor-widget-spacer,.e-con>.elementor-widget-spacer{width:var(--container-widget-width,var(--spacer-size));--align-self:var(--container-widget-align-self,initial);--flex-shrink:0}.e-con-inner>.elementor-widget-spacer>.elementor-widget-container,.e-con-inner>.elementor-widget-spacer>.elementor-widget-container>.elementor-spacer,.e-con>.elementor-widget-spacer>.elementor-widget-container,.e-con>.elementor-widget-spacer>.elementor-widget-container>.elementor-spacer{height:100%}.e-con-inner>.elementor-widget-spacer>.elementor-widget-container>.elementor-spacer>.elementor-spacer-inner,.e-con>.elementor-widget-spacer>.elementor-widget-container>.elementor-spacer>.elementor-spacer-inner{height:var(--container-widget-height,var(--spacer-size))}<\/style>\t\t<div class=\"elementor-spacer\">\n\t\t\t<div class=\"elementor-spacer-inner\"><\/div>\n\t\t<\/div>\n\t\t\t\t<\/div>\n\t\t\t\t<\/div>\n\t\t\t\t<div class=\"elementor-element elementor-element-19ed4aa elementor-widget elementor-widget-heading\" data-id=\"19ed4aa\" data-element_type=\"widget\" data-widget_type=\"heading.default\">\n\t\t\t\t<div class=\"elementor-widget-container\">\n\t\t\t<style>\/*! elementor - v3.13.3 - 28-05-2023 *\/\n.elementor-heading-title{padding:0;margin:0;line-height:1}.elementor-widget-heading .elementor-heading-title[class*=elementor-size-]>a{color:inherit;font-size:inherit;line-height:inherit}.elementor-widget-heading .elementor-heading-title.elementor-size-small{font-size:15px}.elementor-widget-heading .elementor-heading-title.elementor-size-medium{font-size:19px}.elementor-widget-heading .elementor-heading-title.elementor-size-large{font-size:29px}.elementor-widget-heading .elementor-heading-title.elementor-size-xl{font-size:39px}.elementor-widget-heading .elementor-heading-title.elementor-size-xxl{font-size:59px}<\/style><h2 class=\"elementor-heading-title elementor-size-default\">Transatl\u00e2ntico<\/h2>\t\t<\/div>\n\t\t\t\t<\/div>\n\t\t\t\t<div class=\"elementor-element elementor-element-2cb8dd6 elementor-widget elementor-widget-heading\" data-id=\"2cb8dd6\" data-element_type=\"widget\" data-widget_type=\"heading.default\">\n\t\t\t\t<div class=\"elementor-widget-container\">\n\t\t\t<h4 class=\"elementor-heading-title elementor-size-default\">Textos<\/h4>\t\t<\/div>\n\t\t\t\t<\/div>\n\t\t\t\t<div class=\"elementor-element elementor-element-b677fa2 elementor-widget elementor-widget-spacer\" data-id=\"b677fa2\" data-element_type=\"widget\" data-widget_type=\"spacer.default\">\n\t\t\t\t<div class=\"elementor-widget-container\">\n\t\t\t\t\t<div class=\"elementor-spacer\">\n\t\t\t<div class=\"elementor-spacer-inner\"><\/div>\n\t\t<\/div>\n\t\t\t\t<\/div>\n\t\t\t\t<\/div>\n\t\t\t\t\t<\/div>\n\t\t<\/div>\n\t\t\t\t\t\t\t<\/div>\n\t\t<\/section>\n\t\t\t\t<section class=\"elementor-section elementor-top-section elementor-element elementor-element-8d91e31 elementor-section-boxed elementor-section-height-default elementor-section-height-default\" data-id=\"8d91e31\" data-element_type=\"section\">\n\t\t\t\t\t\t<div class=\"elementor-container elementor-column-gap-default\">\n\t\t\t\t\t<div class=\"elementor-column elementor-col-100 elementor-top-column elementor-element elementor-element-b097618\" data-id=\"b097618\" data-element_type=\"column\">\n\t\t\t<div class=\"elementor-widget-wrap elementor-element-populated\">\n\t\t\t\t\t\t\t\t<div class=\"elementor-element elementor-element-a520eeb elementor-widget elementor-widget-heading\" data-id=\"a520eeb\" data-element_type=\"widget\" data-widget_type=\"heading.default\">\n\t\t\t\t<div class=\"elementor-widget-container\">\n\t\t\t<h4 class=\"elementor-heading-title elementor-size-default\">\u00c0 conversa com Ricardo Neves-Neves e Paula Varanda<\/h4>\t\t<\/div>\n\t\t\t\t<\/div>\n\t\t\t\t<div class=\"elementor-element elementor-element-23b767d elementor-widget elementor-widget-text-editor\" data-id=\"23b767d\" data-element_type=\"widget\" data-widget_type=\"text-editor.default\">\n\t\t\t\t<div class=\"elementor-widget-container\">\n\t\t\t<style>\/*! elementor - v3.13.3 - 28-05-2023 *\/\n.elementor-widget-text-editor.elementor-drop-cap-view-stacked .elementor-drop-cap{background-color:#69727d;color:#fff}.elementor-widget-text-editor.elementor-drop-cap-view-framed .elementor-drop-cap{color:#69727d;border:3px solid;background-color:transparent}.elementor-widget-text-editor:not(.elementor-drop-cap-view-default) .elementor-drop-cap{margin-top:8px}.elementor-widget-text-editor:not(.elementor-drop-cap-view-default) .elementor-drop-cap-letter{width:1em;height:1em}.elementor-widget-text-editor .elementor-drop-cap{float:left;text-align:center;line-height:1;font-size:50px}.elementor-widget-text-editor .elementor-drop-cap-letter{display:inline-block}<\/style>\t\t\t\t<div class=\"page\" title=\"Page 4\">\n<div class=\"layoutArea\">\n<div class=\"column\">\n<p>Entrevista realizada em junho de 2022, por Gabriela Lourenc\u0327o \/Sa\u0303o Luiz Teatro Municipal e inclu\u00edda na Folha de Sala<br><\/p>\n<\/div>\n<\/div>\n<\/div>\t\t\t\t\t\t<\/div>\n\t\t\t\t<\/div>\n\t\t\t\t<div class=\"elementor-element elementor-element-700bac0 elementor-widget elementor-widget-spacer\" data-id=\"700bac0\" data-element_type=\"widget\" data-widget_type=\"spacer.default\">\n\t\t\t\t<div class=\"elementor-widget-container\">\n\t\t\t\t\t<div class=\"elementor-spacer\">\n\t\t\t<div class=\"elementor-spacer-inner\"><\/div>\n\t\t<\/div>\n\t\t\t\t<\/div>\n\t\t\t\t<\/div>\n\t\t\t\t<div class=\"elementor-element elementor-element-71a7942 elementor-widget elementor-widget-text-editor\" data-id=\"71a7942\" data-element_type=\"widget\" data-widget_type=\"text-editor.default\">\n\t\t\t\t<div class=\"elementor-widget-container\">\n\t\t\t\t\t\t\t<div class=\"page\" title=\"Page 2\">\n<div class=\"layoutArea\">\n<div class=\"column\">\n<p><strong>Como surgiu esta oportunidade de juntar Companhia Maior e Ricardo Neves-Neves?<\/strong><br>Ricardo Neves-Neves (RNN): O encontro comec\u0327ou por ser entre a Companhia Maior e o Teatro Sa\u0303o Luiz, que acabou por me convidar para encenar um espeta\u0301culo com estes atores. Comigo, trouxe a minha estrutura, o Teatro do Ele\u0301trico, e o Teatro Louletano, que e\u0301 nosso parceiro em todas as estreias, e as- sim se juntaram todos os coprodutores. Paula Varanda: E e\u0301 a estreia da Companhia Maior no Teatro Sa\u0303o Luiz, e\u0301 a primeira vez que aqui estamos e este Teatro tem toda uma histo\u0301ria e arquitetura incri\u0301veis, parece-me o lugar certo para este encontro.<\/p>\n<p><strong><br>A Companhia Maior ja\u0301 trabalhou com encenadores e coreo\u0301grafos muito diferentes&#8230;<\/strong><br>PV: Sim, tem sido esse o perfil. A Companhia Maior tem um elenco bastante esta\u0301vel e convida artistas para trabalharem numa criac\u0327a\u0303o anual. O Ricardo Neves-Neves e\u0301 uma pessoa muito dina\u0302mica e visiona\u0301ria e tem um estilo um pouco diferente dos outros criadores de teatro com quem a companhia ja\u0301 tinha trabalhado. Existe essa vontade de nos expormos a diferentes criac\u0327o\u0303es, permitindo a diferentes criadores trabalharem com este tipo de elenco, que tem as suas particularidades. E\u0301 mesmo importante o encontro da Companhia Maior com este universo do Ricardo, esta maneira de traduzir pensamentos e ideias. E\u0301 uma grande aventura.<\/p>\n<p><strong><br>E ao Ricardo, o que o atraiu nesta proposta?<\/strong><br>RNN: As parcerias com outros artistas&nbsp;<span style=\"color: var( --e-global-color-text ); font-family: var( --e-global-typography-text-font-family ), Sans-serif; font-weight: var( --e-global-typography-text-font-weight ); background-color: var(--global--color-background); font-size: var(--global--font-size-base);\">e as suas viso\u0303es diferentes da minha sa\u0303o sempre um ponto de partida que me estimula muito e me entusiasma. Talvez por um certo medo do futuro e da estagnac\u0327a\u0303o, um medo de na\u0303o existirmos&#8230; Esta ideia de trabalhar com pessoas novas \u2013 seja com um elenco, como e\u0301 o caso da Companhia Maior, seja com outros criadores, como um compositor, um ceno\u0301grafo, um dramaturgo \u2013 e encontrar, a cada trabalho, uma novidade e\u0301 fundamental. Aqui, tenho um conjunto grande de pessoas que tem uma caracteri\u0301stica forte enquanto grupo, mas que depois individualmente sa\u0303o muito diferentes entre si. E isso e\u0301 um esti\u0301mulo. Sempre em busca da novidade, mantendo um caminho, mas encontrando coisas novas.<\/span><\/p><\/div><div class=\"column\">\n<p>PV: &#8230; Ate\u0301 porque estas pessoas te\u0302m uma experie\u0302ncia de vida mais longa do que a tua, na\u0303o e\u0301?<br>RNN: Claro. Mesmo nos ensaios, o trabalho de personagem com estes atores foi muito ra\u0301pido, porque aplicam aquilo que sa\u0303o e as suas de\u0301cadas de vida na sala de trabalho. E foi mais ra\u0301pido do que e\u0301 costume essa apropriac\u0327a\u0303o das personagens, o chegar a\u0300 ideia de personagem.<\/p>\n<p><strong><br>Muitas vezes, os mais velhos ficam esquecidos, mas eles tambe\u0301m podem trazer novidade, na\u0303o e\u0301?<\/strong><br>E\u0301 importante dar-lhes o palco tambe\u0301m a eles.<\/p>\n<p>PV: Um dos objetivos desta companhia e\u0301 conseguir garantir esse terreno, onde depois entram outros criadores. E\u0301 mesmo importante criar esse terreno favora\u0301vel a que estas pessoas continuem a trabalhar e a que consolidem ou desenvolvam compete\u0302ncias.<\/p>\n<\/div>\n<div class=\"page\" title=\"Page 3\">\n<div class=\"layoutArea\">\n<div class=\"column\">\n<p><strong><br>E aqui o encenador na\u0303o foi pelo caminho mais fa\u0301cil ou, pelo menos, pelo mais o\u0301bvio, dando<\/strong><br><strong>a estes atores personagens completamente loucas num texto cheio de loucura&#8230;<\/strong><\/p>\n<p>RNN: Este espeta\u0301culo e\u0301 feito a partir de Titanic, pec\u0327a de teatro de Christopher Durang, que traduzi de forma muito livre e muito preguic\u0327osa \u2013 ou seja, as coisas que na\u0303o percebia, em vez de ir ao diciona\u0301rio, inventava eu&#8230; Li esta pec\u0327a ha\u0301 quase 10 anos, no vera\u0303o de 2012, que foi muito importante na minha vida, porque descobri muitas coisas novas \u2013 e uma delas foi o Christopher Durang e o seu humor muito parvo e desinibido, muito exuberante, todos adjetivos que gosto de aplicar tambe\u0301m aos espeta\u0301culos que tenho feito. Na\u0303o sei se aqui era o caminho menos o\u0301bvio e menos fa\u0301cil, talvez a dificuldade seja mesmo a de fazer come\u0301dia e a de encontrar o equili\u0301brio entre o prazer do ator a representar e o rigor que e\u0301 necessa\u0301rio. E isso tem a ver com o que gosto de fazer, com os ensaios de repetic\u0327a\u0303o, em que procuramos uma estrutura, uma coreografia, uma partitura sonora, sempre tentando manter a coisa viva. E\u0301 um trabalho difi\u0301cil. Nunca se sabe bem de onde vem, na\u0303o e\u0301? Esse lado misterioso da come\u0301dia tambe\u0301m me agrada. Porque e\u0301 que rimos? O riso mistura o lado intelectual com o lado emocional. E\u0301 as- sim que surge o impulso da gargalha- da. Qual e\u0301 a receita disso na\u0303o se sabe, porque mistura muita coisa. E\u0301 como os perfumes, em que se misturam va\u0301rias esse\u0302ncias e depois gostamos ou na\u0303o gostamos. Na\u0303o sabemos qual a receita para esta co\u0301cega funcionar. E \u201cco\u0301cega\u201d aqui e\u0301 uma palavra muito importante: como e\u0301 que aquele toque numas pessoas faz rir, noutras faz doer e noutras e\u0301 indiferente e na\u0303o provoca nada? Com o mesmo toque no mesmo si\u0301tio, a co\u0301- cega acontece ou na\u0303o acontece. Tem a ver com muita coisa que na\u0303o sei bem de onde vem. Esse lado de nunca saber realmente o que vai acontecer num encontro e\u0301 que me atrai. Cada trabalho e\u0301 sempre uma descoberta.<\/p>\n<\/div>\n<div class=\"column\">\n<p><strong><br>Acreditou que este elenco se ia encaixar bem numa come\u0301dia mais do que noutro ge\u0301nero teatral?<\/strong> <br>RNN: Na\u0303o pensei nisso, foi uma pro- posta que lhes fiz&#8230;<br>PV: Este espeta\u0301culo vem na linha da- quilo que esta\u0301s a investigar como artista, na\u0303o e\u0301? Mais do que uma coisa que a Companhia Maior te trouxe, esta\u0301s a trabalhar com eles aquilo que tens vindo a descobrir no teu percurso. Para a companhia, esta foi uma proposta bastante aliciante, no sentido em que na\u0303o foi a abordagem que muitas vezes se faz, pensando \u201cvamos trabalhar com pessoas com uma longa experie\u0302ncia de vida, enta\u0303o, vamos pelo lado da memo\u0301ria, dos sonhos de infa\u0302ncia&#8230;\u201d e tu puseste isso de parte e encaraste a Companhia Maior como um elenco como outro qualquer. Acredito que isso foi uma riqueza.<\/p>\n<\/div>\n<div class=\"column\">\n<p>RNN: Na apresentac\u0327a\u0303o da Companhia Maior existe essa conscie\u0302ncia de se- rem todos atores com mais de 60 anos, mas depois, na verdade, estou simples- mente numa sala com atores, que te\u0302m essa coincide\u0302ncia relativa a\u0300 idade, mas isso e\u0301 so\u0301 um ponto de vista \u2013 ate\u0301 por- que a diferenc\u0327a de idades entre a pessoa mais nova e a pessoa mais velha da companhia ainda e\u0301 grande.<\/p>\n<p>PV: Mas ha\u0301 uma coisa que ganhamos mesmo com a idade, que e\u0301 a capacidade de nos rirmos de no\u0301s pro\u0301prios, e penso que isso tambe\u0301m favoreceu este trabalho que quiseste explorar.<\/p>\n<div class=\"page\" title=\"Page 4\">\n<div class=\"layoutArea\">\n<div class=\"column\">\n<p>RNN: Sim, aqui ningue\u0301m tem medo do ridi\u0301culo e isso e\u0301 muito positivo.<\/p>\n<p><strong><br>&#8230; Isso e\u0301 muito importante nos espeta\u0301culos do Ricardo&#8230;<\/strong><br>RNN: Os hero\u0301is aborrecem-me, aborrecem-me no sentido em que a ideia de hero\u0301i me parece um bocadinho aborrecida. E a ideia de artista-hero\u0301i que vai salvar o mundo com o seu espeta\u0301culo ainda me soa mais aborrecida. Se nos afastarmos o suficiente para olharmos para o planeta Terra com uma lupa, somos uns bicharocos que andamos aqui a povoar o planeta e e\u0301 so\u0301 isso. Somos uns bicharocos que acordam ranhosos, com fome e transpiramos se andamos muito depressa e na\u0303o aguentamos com uma ventania \u2013 e isso e\u0301 o que gosto de trabalhar. Acredito que este espeta\u0301culo oferece um bocadinho de alegria e de a\u0302nimo e acredito que isso e\u0301 funda- mental porque e\u0301 um motor gigantesco para tudo. E, a\u0300s vezes, pergunta-se qual e\u0301 a utilidade da arte&#8230; afinal, qual e\u0301 a utilidade da mu\u0301sica de Mozart, serve para que\u0302?!<\/p>\n<\/div>\n<div class=\"column\">\n<p><strong><br>Ter a\u0300 disposic\u0327a\u0303o um elenco de quase 20 atores levou a este dispositivo dramatu\u0301rgico da mesma personagem ser interpretada simultaneamente por dois ou tre\u0302s atores ou vem do gosto que tem pelos coros e pelas vozes mu\u0301ltiplas?<\/strong> <br>RNN: Na\u0303o sei se veio primeiro o ovo ou a galinha&#8230; Acabou por ser inevita\u0301vel quando decidi fazer este texto. Esta divisa\u0303o de personagens foi uma soluc\u0327a\u0303o e, ao mesmo tempo, a continuac\u0327a\u0303o de um tipo de trabalho que tenho desenvolvido e que me da\u0301 prazer, que e\u0301 ter mais do que um ponto de vista sobre as personagens. Desta forma, posso tomar duas ou tre\u0302s deciso\u0303es sobre a mesma frase, posso chegar a definic\u0327o\u0303es diferentes de uma mesma personagem.<\/p>\n<p><strong><br>Tambe\u0301m a palavra cantada volta nesta encenac\u0327a\u0303o.<\/strong><br>RNN: Mais uma vez, foi uma coincide\u0302ncia. O Teatro do Ele\u0301trico tem um grupo de artistas, alguns que pertencem a\u0300 estrutura, outros a estagiar, e percebi que todos gostam de mu\u0301sica e de cantar e que metade deles tocam um instrumento. Decidi aproveitar isso para o espeta\u0301culo. E, depois, volto sempre a isso, a essa coisa excitante que na\u0303o sabemos para que serve, que e\u0301 a mu\u0301sica e que, para mim, e\u0301 sempre um esti\u0301mulo. Penso que nos ajuda a tornar as coisas mais claras, porque vai direta ao nosso lado emocional. E\u0301 uma espe\u0301cie de explicac\u0327a\u0303o abstrata. E isso e\u0301 sempre uma excitac\u0327a\u0303o, acho que esta e\u0301 mesmo a palavra certa. E\u0301 a excitac\u0327a\u0303o maior. E\u0301 muito emocionante.<\/p>\n<p><strong><br>E que Titanic e\u0301 este, afinal?<\/strong><br>RNN: E\u0301 um navio que faz uma travessia, que na\u0303o chegamos a dizer qual e\u0301 e onde se cruzam muitas histo\u0301rias, como esta que aqui se conta do desencontro constante destas personagens. Esta loucura que o espeta\u0301culo tem e\u0301, mais uma vez, um caminho muito parecido com o dos sonhos, da amne\u0301sia, do equi\u0301voco. Estas seis personagens esta\u0303o a viver ali uma espe\u0301cie de penta\u0301gono amoroso, uns atra\u0301s dos outros e uns a fugir dos outros. O espeta\u0301culo fala de fami\u0301lia, de amor, de nos sentirmos sozinhos no mundo, de desejarmos ou na\u0303o morrer, mas penso que sa\u0303o tudo coisas que so\u0301 va\u0303o ressoar nos espectadores quando forem a caminho de casa&#8230;<\/p>\n<\/div>\n<div class=\"column\">\n<p><strong><br>&#8230; durante o espeta\u0301culo somos distrai\u0301dos por Folares de Olha\u0303o e por chinchilas&#8230;<\/strong><br>RNN: Sim, com muita vulgaridade. Ha\u0301 um lado vulgar no texto, que vem dessa ideia de sermos so\u0301 uns bicharocos a querer ser gigantes, mas que na\u0303o somos mesmo mais do que vulgares. E\u0301 um lado do autor que tambe\u0301m adoro. No original, o Folar de Olha\u0303o era pa\u0303o branco, sonoramente a traduc\u0327a\u0303o na\u0303o tem tanta grac\u0327a&#8230; e ainda estive indeciso entre Folar de Olha\u0303o e Pa\u0303o de Lo\u0301 de Ovar&#8230; mas estava a fazer um espeta\u0301culo no Algarve quando fiz a traduc\u0327a\u0303o, enta\u0303o ficou esse. E esse lado vulgar do texto, de rasteiro, a\u0300s vezes, mistura-se com um certo lirismo, uma certa poesia, na\u0303o tanto no que se diz mas na forma como se esta\u0301. Isso atrai-me muito e penso que e\u0301 a verdadeira esse\u0302ncia do ser humano, essa mistura de cristalino, limpo, ete\u0301reo, de amor com o sexo sujo, que transpira.<\/p>\n<\/div>\n<div class=\"column\">\n<p><strong><br>E tem ainda mais impacto quando no palco esta\u0303o estes atores.<\/strong><br>RNN: Porque na\u0303o e\u0301 uma expectativa que se tenha. Na\u0303o estamos a\u0300 espera que eles digam aquele tipo de frases, acaba por ser surpreendente. Parece que esperamos que algue\u0301m com mais idade so\u0301 abra a boca para dizer frases de sabedoria. E aqui e\u0301 ao contra\u0301rio: sa\u0303o personagens perdidas, sempre na imine\u0302ncia da morte.<\/p>\n<\/div>\n<\/div>\n<\/div>\n<\/div>\n<\/div>\n<\/div>\n<\/div>\n<\/div>\t\t\t\t\t\t<\/div>\n\t\t\t\t<\/div>\n\t\t\t\t<div class=\"elementor-element elementor-element-c61d234 elementor-widget elementor-widget-spacer\" data-id=\"c61d234\" data-element_type=\"widget\" data-widget_type=\"spacer.default\">\n\t\t\t\t<div class=\"elementor-widget-container\">\n\t\t\t\t\t<div class=\"elementor-spacer\">\n\t\t\t<div class=\"elementor-spacer-inner\"><\/div>\n\t\t<\/div>\n\t\t\t\t<\/div>\n\t\t\t\t<\/div>\n\t\t\t\t\t<\/div>\n\t\t<\/div>\n\t\t\t\t\t\t\t<\/div>\n\t\t<\/section>\n\t\t\t\t<section class=\"elementor-section elementor-top-section elementor-element elementor-element-454a460 elementor-section-boxed elementor-section-height-default elementor-section-height-default\" data-id=\"454a460\" data-element_type=\"section\">\n\t\t\t\t\t\t<div class=\"elementor-container elementor-column-gap-default\">\n\t\t\t\t\t<div class=\"elementor-column elementor-col-100 elementor-top-column elementor-element elementor-element-e8616da\" data-id=\"e8616da\" data-element_type=\"column\">\n\t\t\t<div class=\"elementor-widget-wrap elementor-element-populated\">\n\t\t\t\t\t\t\t\t<div class=\"elementor-element elementor-element-4201a9d elementor-widget elementor-widget-spacer\" data-id=\"4201a9d\" data-element_type=\"widget\" data-widget_type=\"spacer.default\">\n\t\t\t\t<div class=\"elementor-widget-container\">\n\t\t\t\t\t<div class=\"elementor-spacer\">\n\t\t\t<div class=\"elementor-spacer-inner\"><\/div>\n\t\t<\/div>\n\t\t\t\t<\/div>\n\t\t\t\t<\/div>\n\t\t\t\t<div class=\"elementor-element elementor-element-512897f elementor-widget elementor-widget-heading\" data-id=\"512897f\" data-element_type=\"widget\" data-widget_type=\"heading.default\">\n\t\t\t\t<div class=\"elementor-widget-container\">\n\t\t\t<h4 class=\"elementor-heading-title elementor-size-default\"><a href=\"https:\/\/companhiamaior.pt\/arquivo\/transatlantico\/\" target=\"_blank\">< Voltar P\u00e1gina Transatl\u00e2ntico<\/a><\/h4>\t\t<\/div>\n\t\t\t\t<\/div>\n\t\t\t\t\t<\/div>\n\t\t<\/div>\n\t\t\t\t\t\t\t<\/div>\n\t\t<\/section>\n\t\t\t\t\t\t\t<\/div>\n\t\t","protected":false},"excerpt":{"rendered":"<p>Transatl\u00e2ntico Textos \u00c0 conversa com Ricardo Neves-Neves e Paula Varanda Entrevista realizada em junho de 2022, por Gabriela Louren\u00e7o \/S\u00e3o Luiz Teatro Municipal e inclu\u00edda na Folha de Sala Como surgiu esta oportunidade de juntar Companhia Maior e Ricardo Neves-Neves? Ricardo Neves-Neves (RNN): O encontro come\u00e7ou por ser entre a Companhia Maior e o Teatro&hellip; <a class=\"more-link\" href=\"https:\/\/companhiamaior.pt\/arquivo\/textos-transatlantico\/\">Continue reading <span class=\"screen-reader-text\">Textos Transatlantico<\/span><\/a><\/p>\n","protected":false},"author":2,"featured_media":0,"parent":0,"menu_order":0,"comment_status":"closed","ping_status":"closed","template":"","meta":{"footnotes":""},"elenco":[],"autor":[],"titulo_da_obra":[],"ano":[],"fotografia-de":[],"espaco":[],"localidade":[],"notas":[],"sub-categoria":[],"data":[],"class_list":["post-1337","page","type-page","status-publish","hentry","entry"],"_links":{"self":[{"href":"https:\/\/companhiamaior.pt\/arquivo\/wp-json\/wp\/v2\/pages\/1337","targetHints":{"allow":["GET"]}}],"collection":[{"href":"https:\/\/companhiamaior.pt\/arquivo\/wp-json\/wp\/v2\/pages"}],"about":[{"href":"https:\/\/companhiamaior.pt\/arquivo\/wp-json\/wp\/v2\/types\/page"}],"author":[{"embeddable":true,"href":"https:\/\/companhiamaior.pt\/arquivo\/wp-json\/wp\/v2\/users\/2"}],"replies":[{"embeddable":true,"href":"https:\/\/companhiamaior.pt\/arquivo\/wp-json\/wp\/v2\/comments?post=1337"}],"version-history":[{"count":27,"href":"https:\/\/companhiamaior.pt\/arquivo\/wp-json\/wp\/v2\/pages\/1337\/revisions"}],"predecessor-version":[{"id":1794,"href":"https:\/\/companhiamaior.pt\/arquivo\/wp-json\/wp\/v2\/pages\/1337\/revisions\/1794"}],"wp:attachment":[{"href":"https:\/\/companhiamaior.pt\/arquivo\/wp-json\/wp\/v2\/media?parent=1337"}],"wp:term":[{"taxonomy":"elenco","embeddable":true,"href":"https:\/\/companhiamaior.pt\/arquivo\/wp-json\/wp\/v2\/elenco?post=1337"},{"taxonomy":"autor","embeddable":true,"href":"https:\/\/companhiamaior.pt\/arquivo\/wp-json\/wp\/v2\/autor?post=1337"},{"taxonomy":"titulo_da_obra","embeddable":true,"href":"https:\/\/companhiamaior.pt\/arquivo\/wp-json\/wp\/v2\/titulo_da_obra?post=1337"},{"taxonomy":"ano","embeddable":true,"href":"https:\/\/companhiamaior.pt\/arquivo\/wp-json\/wp\/v2\/ano?post=1337"},{"taxonomy":"fotografia-de","embeddable":true,"href":"https:\/\/companhiamaior.pt\/arquivo\/wp-json\/wp\/v2\/fotografia-de?post=1337"},{"taxonomy":"espaco","embeddable":true,"href":"https:\/\/companhiamaior.pt\/arquivo\/wp-json\/wp\/v2\/espaco?post=1337"},{"taxonomy":"localidade","embeddable":true,"href":"https:\/\/companhiamaior.pt\/arquivo\/wp-json\/wp\/v2\/localidade?post=1337"},{"taxonomy":"notas","embeddable":true,"href":"https:\/\/companhiamaior.pt\/arquivo\/wp-json\/wp\/v2\/notas?post=1337"},{"taxonomy":"sub-categoria","embeddable":true,"href":"https:\/\/companhiamaior.pt\/arquivo\/wp-json\/wp\/v2\/sub-categoria?post=1337"},{"taxonomy":"data","embeddable":true,"href":"https:\/\/companhiamaior.pt\/arquivo\/wp-json\/wp\/v2\/data?post=1337"}],"curies":[{"name":"wp","href":"https:\/\/api.w.org\/{rel}","templated":true}]}}